6
Let u(m) = -m**2 - 6*m - 3. Let k be u(-4). Suppose -k*f + 10*f = -5. Let n(d) = -d**2 + 1. Calculate n(f).
0
Let n(w) = -18*w**2 - 5 - 13*w**2 + 32*w**2. Calculate n(-4).
11
Let f be 135/(-120)*(-4)/3. Let w(b) be the second derivative of -b - 1/6*b**4 - f*b**2 + 1/2*b**3 + 0. Give w(2).
-5
Suppose 6*c = -c. Let m(w) be the second derivative of c*w**2 + w + 1/6*w**3 + 0. Calculate m(1).
1
Let q(o) = -o**2 - 9*o + 5. Let d = 172 + -180. Determine q(d).
13
Let h(p) = -8*p**2 + 2*p + 5*p**2 - p**2. What is h(2)?
-12
Let s(v) = 16*v - 3. Let m(p) = -8*p + 2. Let b(r) = 5*m(r) + 3*s(r). Suppose -4*o - 2 = -6. Let h(j) = j. Let c(z) = o*b(z) - 5*h(z). Give c(-2).
-5
Let i(a) = -a**3 + 7*a**2 - 5*a - 1. Let o be (4/(-6))/(10/45). Let x(u) = -2*u. Let h be x(o). Determine i(h).
5
Let m(i) = 10*i**2 + 3*i. Let g be 4/(-4)*1*4. Let u(j) = -11*j**2 - 4*j. Let h(y) = g*u(y) - 5*m(y). Determine h(1).
-5
Let t(p) = 21 - 2*p**2 - 27 + p + p**2. What is t(0)?
-6
Let o(a) = 2*a + 2. Let l be o(2). Let w(z) = -z**3 + 7*z**2 - 9*z + 5. Give w(l).
-13
Let l(v) = 7*v + 1. Let o be l(-1). Let t be o*(-1 + 2/4). Suppose 0*n - n = -t. Let k(x) = -x**3 + 4*x**2 - 3*x + 2. Calculate k(n).
2
Suppose 5*s - 2 = -37. Let r(u) = -u**3 - 6*u**2 + 8*u + 7. Let i be r(s). Let h(t) = -3*t - 1 + t**2 - t**3 - 2*t + 6*t. Calculate h(i).
-1
Let r(v) = 2*v - 13. Let l(w) = 4*w + 7. Let a be l(-5). Let z(d) = -d + 6. Let q(t) = a*z(t) - 6*r(t). Calculate q(-3).
-3
Let w = 147 - 147. Let q(l) be the third derivative of 1/12*l**4 + 1/2*l**3 + w*l + 0 + l**2. Give q(-5).
-7
Let g(p) = 4 - 4 - 5*p - 2 + p**2. Suppose -y + 2 = -3*m + 4*m, 5*y - 10 = 2*m. Suppose -d - a + y*a + 8 = 0, -a + 16 = 5*d. Determine g(d).
-6
Let b(w) be the first derivative of -w**3/3 + 7*w**2/2 - 4*w + 2. Calculate b(6).
2
Let f(t) = t**2 + 6*t + 1. Let p = -17 - -11. Give f(p).
1
Let w(v) = 8*v - 8. Let k(i) = -41*i + 41. Let g(x) = 2*k(x) + 11*w(x). Determine g(4).
18
Let p = -26 - -24. Let w(y) = -3*y**3 - 4*y**2 - 3*y - 2. Calculate w(p).
12
Let c(r) = r - 2. Let y(z) = 6*z - 9. Let v(d) = -11*c(d) + 2*y(d). Let q = 2 - -1. Give v(q).
7
Let u(d) = d**3 - 5*d**2 + d - 1. Suppose -4*p + 3*p + 16 = 0. Suppose m + k - p = 4*m, 2*k = 3*m + 20. Let h = m + 9. What is u(h)?
4
Suppose 3*b - n + 5 = 0, -n - 6 = -2*b - 5*n. Suppose -6 = -2*g, v - 5*v + g = -9. Let z(s) = 1 + 7*s**3 + v*s + s + 2*s**2 - 2*s. Give z(b).
-6
Let o(g) = g**3 - 8*g**2 + 15*g - 8. Let x be o(5). Let z(a) = a - 2. Give z(x).
-10
Let p(j) = -j - 11. Suppose 0 = -u - 4*u - 45. What is p(u)?
-2
Let h be 1*(-1 - -1 - 5). Let j(z) = -5*z + 3. Let d(i) = -6*i + 3. Let x(k) = 6*d(k) - 7*j(k). What is x(h)?
2
Let z(f) = f**3 + 3. Let d be z(0). Let s(x) = 3*x - 4*x + 10*x**3 - 3*x**d. Suppose -5*c - 26 = -21. Calculate s(c).
-6
Let x(v) = -v**3 - 3*v**2 + 2*v - 3. Let r(j) = 2*j**2 - 7*j - 4 - 2*j**2 - j**2. Let a be r(-7). Determine x(a).
5
Suppose f - 4 = 2*q + 1, 0 = -5*q + 3*f - 11. Let l(o) = -o + 2. Let m be l(0). Let n(k) = -3*k + 0*k - 4 - 1 - m*k - k**2. Give n(q).
-1
Let k(v) = 8*v**2 + 3. Let i(j) = 12*j**2 + 4. Let p(q) = -5*i(q) + 7*k(q). What is p(-1)?
-3
Let q be 2/(2 + -1 - 3). Let t(r) = -3*r - 1. Let m be t(q). Let y(a) = 3*a**2 + 2*a + 2*a**m + a**3 - a - 2. Give y(-5).
-7
Let l be (11/(-33))/((-2)/(-18)). Let z(p) = p**2 + 4*p. What is z(l)?
-3
Let w(r) = r + 5. Let i = -3 - -2. Suppose 3*g - 4*g - 3 = 0. Let z = i + g. Give w(z).
1
Let s(m) = 6*m**2 + 6*m + 0*m + 0*m**3 - 5*m - m**3. Calculate s(6).
6
Let m(l) = l**2 - 9*l - 7. Let g(x) = 15 + 19*x - x**2 - 3*x**2 + 2*x**2. Let j(v) = -6*g(v) - 13*m(v). Determine j(3).
1
Let g(d) = 16*d**3 + 8*d**2 + 6*d - 3. Let t(m) = 5*m**3 + 3*m**2 + 2*m - 1. Let k(x) = 3*g(x) - 8*t(x). Give k(1).
9
Let d(o) = 10*o - 11*o + 4 + o**3 + 2*o - o**2. Determine d(0).
4
Let i(z) = z**2 + 6*z + 2. Let a(n) = -5*n + 3. Let r(t) = 4*t - 3. Let p(k) = 2*a(k) + 3*r(k). Let q be p(-6). Let v = q - -10. Give i(v).
-3
Let f(z) = -1 + z**2 + 4 - 1 + 7*z + 1. Suppose v - 34 = 5*l, 3*l + 4*v - 1 = -3. Calculate f(l).
-3
Let y(r) be the first derivative of -1/3*r**3 + 2*r + 1/2*r**2 - 2. Give y(-2).
-4
Let m(c) = 4*c**2 - 7 - 5*c**2 - 13*c - c - 1. Let f be m(-13). Let o(n) be the third derivative of -n**4/24 - n**3/2 + n**2. What is o(f)?
-8
Let i(a) be the first derivative of -a**3/3 + a**2/2 - a - 2. Let y(b) = b**3 + 4*b**2 + 2*b - 1. Let f be y(-2). Calculate i(f).
-7
Let q(n) = -n**3 - 4*n**2 + 6*n. Let o(y) = -2*y + 0 - 2 - 2*y**2 + 7*y. Suppose -2*m = -6*v + 2*v + 20, -13 = -3*v + m. Let s be o(v). Give q(s).
-5
Let b(g) = g + 0*g - 9 - 2*g + 0*g. Let t be b(0). Let l(o) = o**3 + 8*o**2 - 8*o + 9. Determine l(t).
0
Let l(z) be the third derivative of -z**7/840 - z**6/360 + z**5/10 - 4*z**2. Let w(p) be the third derivative of l(p). Suppose -3*i + 2*i - 2 = 0. Give w(i).
10
Let f(p) be the second derivative of -p**7/840 - p**6/720 - p**5/120 - p**4/4 + 2*p. Let w(z) be the third derivative of f(z). Determine w(-1).
-3
Let n(f) = f**2 - 6*f + 4. Let q be n(5). Let o(k) be the second derivative of 7*k**5/20 + k**4/12 + k**3/3 + k**2/2 + 2*k. Give o(q).
-7
Let s(z) = 11*z + 1. Let d(n) = -23*n - 2. Let x(u) = 2*d(u) + 5*s(u). Let f = -132 - -131. Determine x(f).
-8
Suppose 4*q + 2*w = 128, 0 = -q + 2*q + 3*w - 37. Let h = 3 + 1. Suppose -h*r + 0*r = 20, 4*g = 3*r + q. Let o(x) = x**2 - 5*x + 1. Calculate o(g).
-3
Let x(c) be the first derivative of -c**4/4 - 2*c**3/3 + c**2 - c + 7. What is x(2)?
-13
Let n(g) = -11*g**3 + 2*g**2 + g. Let z = 0 + 3. Suppose f + 2 = 3*x, x + z*x - 16 = 4*f. Calculate n(x).
12
Let c(x) = -10 - x + 1 + 2. Let y = -55 + 51. What is c(y)?
-3
Let i(x) be the third derivative of -x**5/60 - 7*x**4/24 - x**3 + 5*x**2 + x. Calculate i(-4).
6
Let d(w) = -w**3 + 9*w**2 - 8*w. Let p be d(8). Suppose p = k + g - 2*g + 7, g - 4 = 0. Let f be 4/6 - 1/k. Let i(j) = -j**3 + 2*j**2 - j. Calculate i(f).
0
Let x(c) = 3*c - 1. Let p(f) = 3*f - 1. Let g(o) = -4*p(o) + 5*x(o). What is g(-2)?
-7
Let p be (-2 - (-12)/4) + 7. Let c(o) = -4 + 6 - o**2 - 8 + p*o. Give c(5).
9
Let i(y) be the first derivative of y**2/2 + 9*y + 10. What is i(-6)?
3
Let v be (-26)/(-6) + (-2)/6. Suppose 0 = c + v*k + 10, -2*c = -3*k - 2. Let u(q) = -2 + q + q**3 - q**2 + 1 + 3*q**2. Give u(c).
-3
Let r be (-30)/(-9)*(-12)/(-10). Let o(q) = 0*q**2 + 4*q + q**2 - 1 - 6*q**2 + r*q**2. Determine o(4).
-1
Let b(l) be the first derivative of l**6/120 - 5*l**3/3 + 3*l**2/2 + 1. Let n(y) be the second derivative of b(y). What is n(0)?
-10
Let k(q) = -q**2 - 8*q - 8. Let j(f) = f - 13. Let c be j(7). Let d be k(c). Let b(v) be the third derivative of v**4/24 + v**3/6 + v**2. Determine b(d).
5
Let a(b) = -3*b**2 - 4*b + b**2 + 4*b**2 + 2 + 1. What is a(3)?
9
Let u(j) = j + 5. Let n = 47 + -47. What is u(n)?
5
Let q(t) = 2*t - 4. Let y(k) = -15 + 2 + 3*k + 10. Let p be 7/(-2) - (-2)/(-4). Let j(o) = p*q(o) + 3*y(o). Determine j(0).
7
Suppose -1 = -a + 1. Let b(v) = -14*v**2 + 9*v - 2*v + 0 + 6*v**a + v**3 + 1. Let u be b(7). Let l(o) = 4*o**3 - o + 1. Give l(u).
4
Suppose -p + 15 = -3*r, 4*p + 2*r = -1 - 9. Let z(b) = b + 3. Determine z(p).
3
Let n(f) = f**3 + 4*f**2 - 7*f - 7. Let b be n(-5). Let r(k) = -2*k + 0*k + 0*k + 1 - 3*k**2 - 2 - k**b. Determine r(-2).
-1
Let j(f) be the first derivative of f**2 + f - 12. Suppose -2*n - 3*u = -4*n + 22, 4*u + 1 = -3*n. Give j(n).
11
Let p(y) = -4*y**2 + 4*y**2 + y**2 - 1 + 4 + 5*y. Let g be p(-5). Let f(c) = c**2 - 5*c. Determine f(g).
-6
Let l(f) = -5*f**2 - f - 5*f**2 - f**2 + 20*f**2 - 1. Suppose 5*r - 4 = 3*s, 0*r - 13 = r + 4*s. Give l(r).
9
Let u(c) be the first derivative of -c**3/3 + c**2/2 + 7*c + 7. Calculate u(5).
-13
Let p(r) = -11*r**2 + 3*r. Suppose 4*t + 4*w = -80, -t = -3*t + 3*w - 25. Let c(j) = -4*j**2 + j. Let u(z) = t*c(z) + 6*p(z). Determine u(-1).
1
Let y(i) = 0 + 2 + 2*i - 3*i + 7. Suppose 2*w - 50 = -3*w. Suppose w = 2*v - 0. Determine y(v).
4
Let b(d) = 2*d + 1. Let w be (-1)/(-3)*(0 - -18). Suppose -i + w*i = 10. What is b(i)?
5
Let b(y) = -29*y**3 + 1 + 12*y**3 + 16*y**3 + 10*y**2 - 2*y**2 - 8*y. Give b(7).
-6
Let s(c) = -25*c + 4. Let n(r) = 24*r - 5. Let q(f) = -5*n(f) - 6*s(f). What is q(1)?
31
Suppose 3*i - 3 = 3*t, -i + 4 - 3 = -2*t. Let q(g) be the